
What is 16 + 13 + -13 + (-66 - -40)?
-10
Evaluate 1 - 10 - (-47 - 9 - -84).
-37
Calculate -4 + -28 + 43 + -3 + (1 - 7).
2
-5 + 15 + (2 - 0) + (33 - 38) + 22
29
Calculate (-22 + 26 - (-4 - (-13 - 12))) + 11.
-6
-15 + (-36 + 19 + 22 - -13)
3
What is (5 + -3 - 16) + (-8 - (-22 + -11))?
11
Calculate (3 - (-1 + 8)) + 6 + (10 - -81) + -4.
89
Calculate 3 - (-18 + -2 - (-4 + 105 + -29)).
95
Evaluate 116 + (-79 - -21 - 31).
27
Evaluate 0 + -5 + -7 + (-21 - -27) + 46.
40
Evaluate 46 - ((-97 - -28) + 34) - (-1 - 16).
98
What is ((3 - 21) + -15 - -24) + 22?
13
What is the value of (-12 - -2) + -303 + 232 - 1?
-82
Calculate (24 - (47 - 1)) + 25 + 46.
49
What is -16 - (0 + 17 + -87 + -3) - -17?
74
What is the value of -4 + 91 + (1686 - 1864)?
-91
What is (55 - -65 - 120) + 5 + -8?
-3
Calculate -1 + -1 + (3 - 3 - (-30 - -23)).
5
What is -2 + (164 - 179) + (-1 - 9)?
-27
Evaluate -9 - -4 - 11 - (121 + -117).
-20
What is the value of (0 - (0 + -74)) + (50 - (-28 - -74))?
78
What is -53 + 70 + 9 + 1?
27
-3 + (0 - 7) - (17 + 5 + -13)
-19
-19 - ((6 - -6 - -4) + (6 - 29))
-12
(-45 - -46) + (7 - (-10 + -60))
78
What is the value of -1 + -30 - 1 - (-6 + (14 - -5))?
-45
(17 - 8 - (22 + -2)) + 21 + 33
43
Evaluate -66 + -2 - (6827 + -6909).
14
Calculate (-12 - -19) + (37 - 61).
-17
Calculate -61 - -10 - -76 - -17.
42
4 + -35 + (-10 - (-23 + 29))
-47
What is (-4 - -117) + -123 + -50?
-60
Evaluate 52 - (-14 + -22 + 21 - -40).
27
Calculate 1 + (-73 + 62 - 1).
-11
What is the value of 13 + -13 - ((32 - 18) + 10 + -6 + 1)?
-19
Evaluate -23 + (-33 + 22 - -44) + -11 + 0 + -14.
-15
What is the value of (15 - 18 - 19) + 4 + -42 + -2?
-62
Calculate -48 + (35 - 55) + 125.
57
Evaluate -5 + 1 - ((71 - (14 + 19)) + 23).
-65
Calculate (15 - 137) + (444 - 425).
-103
Calculate (-4 + (2 - 0) - -6) + (2147 - 2167).
-16
(3 - 28 - (488 + -468)) + (1 - (1 - -6))
-51
What is the value of 141 - 29 - (-64 + 38)?
138
Calculate (7 - (-9 - (6 + -25))) + (11 + -16 - 62).
-70
Evaluate (-6 + 3 - -5) + -26 + -23 + 57.
10
What is 11 + -14 + (13 - -46) + 7 + (-3 - 14)?
46
What is -13 - (27 + 11 + -25) - (-6 + 16)?
-36
21 + 2 + 18 - 82
-41
Calculate 27 + -14 + -22 + 75 - (-17 + 17).
66
What is 23 - ((-11 - (2 - 6)) + (12 - 8 - 0))?
26
What is -149 + 140 + 3 + -39?
-45
Evaluate (1 - 79 - -2) + 0 + (-11 - -4).
-83
21 - ((-39 - 1) + 23 + 79)
-41
(15 - 31) + 8 + -10 - (1 - 132)
113
37 - ((45 - 131) + 95)
28
What is -10 + (-9 - (-49 + -15)) + 7?
52
Calculate (-2 - -95) + 239 + -412.
-80
-9 + (101 + -6 - (17 - (-16 - -32 - -3)))
88
Evaluate (7 - 0) + -991 + 1041.
57
Evaluate (-118 - (-97 - 62)) + -12.
29
8 - 2 - (27 + (-17 - -22))
-26
53 - (17 + (-10 + -2 - (0 - 8)))
40
What is -3 - (-9 - (-3 + -6 + -12))?
-15
What is (-74 - (-42 + 55)) + (17 - 1)?
-71
What is the value of -19 + 2 + -10 + -7 - 3?
-37
What is 11 + 7 + (9 - 32) - (-2 + (8 - -59))?
-70
Calculate 102 + 31 + 30 + -119.
44
Evaluate (8 - 22 - -6) + -4 + 2 - -60.
50
98 + 5 + -9 + 4 + 17 + (-28 - -17)
104
Calculate (24 - -3) + 9 + -29 + 12.
19
2 + -152 - (-993 + 939)
-96
What is -227 + (9 - -214) - (20 + 0)?
-24
Evaluate 10 - -14 - (-31 + 10) - (4 + -15).
56
What is the value of (9 - 126) + 372 + -301?
-46
Evaluate 9 + (70 - 18 - 16) + -10.
35
-8 + 26 + -7 + (-11 - 1) + (-12 - 40)
-53
Evaluate (164 - (219 + 9)) + 2 + (1 - 9).
-70
Evaluate 70 + (0 - (-5 - ((2 - 4 - 10) + 7))).
70
(34 - 32) + 20 + -12
10
What is (-723 - -551) + 90 + -2?
-84
-20 + 5 + (10 - 44)
-49
What is (-5574 - -5635) + -82 + 1 - (18 - 1)?
-37
Calculate -6 - (-4 - (-16 + 6) - -120) - (31 - 19).
-144
What is the value of 21 - (7 - (6 + -15 + -19))?
-14
Calculate -33 - (-9 + 0 - (-15 - -9)).
-30
61 + (-164 - (70 + -116))
-57
What is the value of ((-16 + 14 - -9) + -8 - 18) + -12?
-31
Calculate -6 + -21 + (58 - 45) + (-34 - 0).
-48
Calculate (-52 + 26 - 34) + 80.
20
Evaluate 47 - ((35 - -11) + -73 + 49).
25
Calculate (-43 + 24 - -70) + -49.
2
What is 38 - -2 - -2 - (-16 - -6 - 10 - -24)?
38
What is 19 + (-42 - (-17 + 0)) + 11?
5
Evaluate 67 + -22 + (11 - (-7 + 5 - -10)) + -11.
37
What is -5 + 39 + (19 - 49) + -92?
-88
Evaluate 99 + (12 - -1 - (63 + -27 - 36 - -11)).
101
Calculate (26 - (-70 + (27 - -7))) + 38.
100
Calculate (-7 - -13 - -13) + 1 - -18.
38
Evaluate -1 + 54 + -110 + (-10 - -100).
33
What is the value of -16 - (-4 - ((-13 - -2) + -8) - 168)?
137
Evaluate -27 - 39 - -35 - -33.
2
(-79 - (-97 + 2) - (-1 + 13 - 2)) + -17
-11
Evaluate (-39 - (26 + -90)) + 3 + 4 + -5.
27
What is the value of (12 - -5 - 29) + 25 - -7?
20
What is the value of (-3 - (34 + -25) - -9) + 1 + 3 + 96?
97
-26 - (-2 + -3) - (19 + (8 + 0 - 24))
-24
Evaluate (0 - -2) + -74 + 2451 + -2433 - -7.
-47
Calculate 10 + -2 + 67 + -119 + 113 + -10.
59
What is 35 + 13 + -7 + 4 + -8?
37
What is ((-3 + 18 - 25) + 17 + -4 - 12) + -63?
-72
What is the value of (-11 - ((3 - (16 + 0)) + -44)) + -15 + 5?
36
Calculate -1 - 31 - (4032 - 4036).
-28
Calculate -31 - (7 - ((13 - (-25 - -35)) + 2 + 2)).
-31
What is the value of (-74 - -92) + (32 - 8) - (2 + 1 + 5)?
34
What is the value of -6 - (-51 + -36 + 64)?
17
What is the value of -11 + 24 + -1 + 6 + (0 - 15)?
3
Evaluate -198 + 177 + 1 + -15 + -7.
-42
What is the value of -2 + 4 + (-13 - -14) + (-1 - 35) + 6?
-27
4 - ((-21 - (-8 + -7) - -9) + -46)
47
Calculate 58 - 52 - (-1 + 44 - (-95 - -93)).
-39
What is the value of (278 - 256) + (8 - (-1 + (-7 - -3)))?
35
What is -48 - (5 + -7 + 2 + 7 + -6 + 0)?
-49
-13 - ((10 - -12) + -40 + 19)
-14
Calculate 36 + (11 - 2 - 20).
25
Evaluate 13 - (-26 - (23 + -41)).
21
Calculate 17 - 33 - (-76 - (17 + -24)).
53
What is the value of (9 - (-14 - -19 - -10)) + 8?
2
What is the value of 760 + -679 + -5 + -86?
-10
Calculate -9 - -63 - (-4 + 13 + -13 + 0).
58
Evaluate 25 - 21 - (-11 - (0 - 18) - 10).
7
-22 - 1 - 0 - (-80 + 209 + -126)
-26
What is 59 + (-62 - 13) + 69?
53
-7 - (174 + -73) - -104
-4
12 + -1 + 1 - -1 - (380 - 289 - 150)
72
What is the value of (23 - 20 - -13) + (1 - 12) + 0 - -110?
115
What is 105 - (20 - (13 - 0) - -12 - 11)?
97
Calculate -53 + 34 + 34 + -34.
-19
What is -20 + (95 - -19) - 2?
92
Calculate 22 + -28 + -37 + -32.
-75
Calculate (18 + (37 - 24) - 24) + -2 + -3 + 1.
3
Evaluate -29 + (-24 - -119) - -24.
90
Calculate -66 + (11 - -59) + 79 + -15.
68
What is 16 + (19 - 71 - -46)?
10
Calculate -1 + 39 + (3 + 31 - (-281 + 319)).
34
6197 + -6194 + (2 - 21 - -2) - (2 + 28)
-44
Calculate 4 - (47 - (11 + (-10 - -6))).
-36
What is the value of 5 - 0 - (-1 + -24 + -5) - (74 + -66)?
27
What is the value of -1 - (-71 - (-1 - (0 + 0))) - (84730 + -84742)?
81
Evaluate 1043 - 1062 - ((-12 - -19) + (1 - 0) + 2).
-29
What is the value of -5 - -8 - (2 + -7 + -66 - 6) - 8?
72
What is the value of (-22 - (-14 + (15 - -3)) - -11) + (-1 - 1)?
-17
Calculate -50 + -1 - (57 - (83 + -45)) - (-1 - -3).
-72
1 + -26 + 26 - (22 - (3 - 1))
-19
Calculate 2 - (-19 - -2 - 0) - (-40 - (-65 + 23)).
17
Evaluate 42 + (64 + -132 - -46).
20
Evaluate (16 - 8) + 117 - (-27 - -37).
115
Calculate -11528 - -11542 - (2 + (58 - 1)).
-45
Evaluate -1 + 3 + 4 - (-13 - (-31 - (-20 - 5))).
13
Evaluate -18 - (-24 - (-48 + 40)).
-2
What is (1 - (-24 - (8 + -24))) + -61?
-52
Calculate 1788 + -1751 - ((0 - 0 - 6) + 2).
41
Evaluate 18270 + -18272 - (0 - 125).
123
Evaluate 51 - (21 - (-34 + -36)).
-40
What is the value of 95 - (50 + 72) - (6 - -2)?
-35
Calculate (-145 + 271 - 127) + 8 + 1.
8
What is 1422 - 1479 - (0 - 139)?
82
Evaluate (123 - 114) + 23 + 6.
38
Evaluate (-17 - -37 - -12) + -1.
31
What is -109 + (75 + -107 - -59)?
-82
Calculate (24 - -45 - 98) + 84 + 3.
58
What is the value of -1 - -33 - 38 - (4 + -8)?
-2
0 - (-4 + -3 - (5 - 11) - -2) - 37
-38
Calculate -29 + (1 - (-31 - -8)) + -1 + 59.
53
What is the value of -13 + 16 - ((-1 - -1) + 1 + 45)?
-43
Evaluate 7 + 11 + -14 + (2 - -39) + 2 - -5.
52
What is (-58 + 29 - -40 - (-2 - -1)) + 30?
42
What is the value of -20 - (2 + 1 + -51 + 31 + 25)?
-28
What is the value of -31 + -176 + 95 - -145?
33
Evaluate 4 - ((-22 - -9) + 33 + -32).
16
What is the value of 23 + -6 + 5 + (2 - -5) + -3?
26
Evaluate (-4 - (-1 + -4)) + 4 + (303 - 355).
-47
(15 - 26) + 5 + (-7 - 27 - -2) - 9
-47
-6 - (-30 + -9 + 6 + -9 + 6)
30
Evaluate 52 + (33 - 76) - (0 + 63).
-54
What is the value of 16 + 2 - (7 + 0 + (-1576 - -1514))?
73
What is (43 -